{"id":356,"date":"2019-02-21T09:26:43","date_gmt":"2019-02-21T08:26:43","guid":{"rendered":"http:\/\/www.sportspartner.fr\/?page_id=356"},"modified":"2019-04-04T17:57:40","modified_gmt":"2019-04-04T15:57:40","slug":"abris-dequipes","status":"publish","type":"page","link":"https:\/\/www.sportspartner.fr\/index.php\/abris-dequipes\/","title":{"rendered":"Abris d&#8217;\u00e9quipes"},"content":{"rendered":"\n<ul><li>Nos abris d&#8217;\u00e9quipes ext\u00e9rieur incluent la structure de support des pieds.  Ils sont construits en m\u00e9tal, acrylique et polycarbonate. Les <strong>structures des pieds<\/strong> sont en <strong>caoutchouc imperm\u00e9able<\/strong>. Le <strong>toit<\/strong> de l&#8217;abri est<strong> renforc\u00e9.<\/strong><\/li><li>Hauteur int\u00e9rieur : <strong>1,90 m<\/strong>.<\/li><li>Les <strong>si\u00e8ges sont spacieux<\/strong> et confortables. (<strong><a href=\"http:\/\/www.sportspartner.fr\/index.php\/ergo\/\">Si\u00e8ge Ergo<\/a><\/strong>).<\/li><li>Ils existent en plusieurs formats,<strong> de 2 \u00e0 20 places <\/strong>et sont \u00e9galement disponibles en <strong>fixe<\/strong> ou <strong>portatifs<\/strong>.<\/li><li>Nous construisons les abris selon vos besoin ! Demandez nos fiches techniques !<\/li><\/ul>\n\n\n\n<div class=\"wp-block-button is-style-squared\"><a class=\"wp-block-button__link\" href=\"http:\/\/www.sportspartner.fr\/index.php\/demande-de-devis\/\">Demande de devis<\/a><\/div>\n\n\n\n<ul class=\"wp-block-gallery columns-2 is-cropped\"><li class=\"blocks-gallery-item\"><figure><img loading=\"lazy\" width=\"261\" height=\"403\" src=\"http:\/\/www.sportspartner.fr\/wp-content\/uploads\/2019\/02\/Abri-Arbitre-INFR2001.png\" alt=\"\" data-id=\"357\" data-link=\"http:\/\/www.sportspartner.fr\/?attachment_id=357\" class=\"wp-image-357\" srcset=\"https:\/\/www.sportspartner.fr\/wp-content\/uploads\/2019\/02\/Abri-Arbitre-INFR2001.png 261w, https:\/\/www.sportspartner.fr\/wp-content\/uploads\/2019\/02\/Abri-Arbitre-INFR2001-194x300.png 194w, https:\/\/www.sportspartner.fr\/wp-content\/uploads\/2019\/02\/Abri-Arbitre-INFR2001-230x355.png 230w\" sizes=\"(max-width: 261px) 100vw, 261px\" \/><figcaption>Cabine d&#8217;arbitre<\/figcaption><\/figure><\/li><li class=\"blocks-gallery-item\"><figure><img loading=\"lazy\" width=\"496\" height=\"547\" src=\"http:\/\/www.sportspartner.fr\/wp-content\/uploads\/2019\/02\/Abri-Equipe-Portatif-INFR2014.png\" alt=\"\" data-id=\"359\" data-link=\"http:\/\/www.sportspartner.fr\/?attachment_id=359\" class=\"wp-image-359\" srcset=\"https:\/\/www.sportspartner.fr\/wp-content\/uploads\/2019\/02\/Abri-Equipe-Portatif-INFR2014.png 496w, https:\/\/www.sportspartner.fr\/wp-content\/uploads\/2019\/02\/Abri-Equipe-Portatif-INFR2014-272x300.png 272w, https:\/\/www.sportspartner.fr\/wp-content\/uploads\/2019\/02\/Abri-Equipe-Portatif-INFR2014-230x254.png 230w, https:\/\/www.sportspartner.fr\/wp-content\/uploads\/2019\/02\/Abri-Equipe-Portatif-INFR2014-350x386.png 350w, https:\/\/www.sportspartner.fr\/wp-content\/uploads\/2019\/02\/Abri-Equipe-Portatif-INFR2014-480x529.png 480w\" sizes=\"(max-width: 496px) 100vw, 496px\" \/><figcaption>Abri d&#8217;\u00e9quipe portatif<\/figcaption><\/figure><\/li><li class=\"blocks-gallery-item\"><figure><img loading=\"lazy\" width=\"1024\" height=\"417\" src=\"http:\/\/www.sportspartner.fr\/wp-content\/uploads\/2019\/02\/Abri-Equipe-INFR2020-1-1024x417.png\" alt=\"\" data-id=\"331\" data-link=\"http:\/\/www.sportspartner.fr\/index.php\/equipements-specifiques\/abri-equipe-infr2020-2\/\" class=\"wp-image-331\" srcset=\"https:\/\/www.sportspartner.fr\/wp-content\/uploads\/2019\/02\/Abri-Equipe-INFR2020-1-1024x417.png 1024w, https:\/\/www.sportspartner.fr\/wp-content\/uploads\/2019\/02\/Abri-Equipe-INFR2020-1-300x122.png 300w, https:\/\/www.sportspartner.fr\/wp-content\/uploads\/2019\/02\/Abri-Equipe-INFR2020-1-768x313.png 768w, https:\/\/www.sportspartner.fr\/wp-content\/uploads\/2019\/02\/Abri-Equipe-INFR2020-1-830x338.png 830w, https:\/\/www.sportspartner.fr\/wp-content\/uploads\/2019\/02\/Abri-Equipe-INFR2020-1-230x94.png 230w, https:\/\/www.sportspartner.fr\/wp-content\/uploads\/2019\/02\/Abri-Equipe-INFR2020-1-350x143.png 350w, https:\/\/www.sportspartner.fr\/wp-content\/uploads\/2019\/02\/Abri-Equipe-INFR2020-1-480x195.png 480w, https:\/\/www.sportspartner.fr\/wp-content\/uploads\/2019\/02\/Abri-Equipe-INFR2020-1.png 1589w\" sizes=\"(max-width: 1024px) 100vw, 1024px\" \/><figcaption>Abri d&#8217;\u00e9quipe fixe<\/figcaption><\/figure><\/li><\/ul>\n","protected":false},"excerpt":{"rendered":"<p>Nos abris d&#8217;\u00e9quipes ext\u00e9rieur incluent la structure de support des pieds. Ils sont construits en m\u00e9tal, acrylique et polycarbonate. Les structures des pieds sont en caoutchouc imperm\u00e9able. Le toit de l&#8217;abri est renforc\u00e9. Hauteur int\u00e9rieur : 1,90 m. Les si\u00e8ges sont spacieux et confortables. (Si\u00e8ge Ergo). Ils existent en plusieurs formats, de 2 \u00e0 20 [&hellip;]<\/p>\n","protected":false},"author":1,"featured_media":0,"parent":0,"menu_order":0,"comment_status":"closed","ping_status":"closed","template":"","meta":[],"_links":{"self":[{"href":"https:\/\/www.sportspartner.fr\/index.php\/wp-json\/wp\/v2\/pages\/356"}],"collection":[{"href":"https:\/\/www.sportspartner.fr\/index.php\/wp-json\/wp\/v2\/pages"}],"about":[{"href":"https:\/\/www.sportspartner.fr\/index.php\/wp-json\/wp\/v2\/types\/page"}],"author":[{"embeddable":true,"href":"https:\/\/www.sportspartner.fr\/index.php\/wp-json\/wp\/v2\/users\/1"}],"replies":[{"embeddable":true,"href":"https:\/\/www.sportspartner.fr\/index.php\/wp-json\/wp\/v2\/comments?post=356"}],"version-history":[{"count":4,"href":"https:\/\/www.sportspartner.fr\/index.php\/wp-json\/wp\/v2\/pages\/356\/revisions"}],"predecessor-version":[{"id":691,"href":"https:\/\/www.sportspartner.fr\/index.php\/wp-json\/wp\/v2\/pages\/356\/revisions\/691"}],"wp:attachment":[{"href":"https:\/\/www.sportspartner.fr\/index.php\/wp-json\/wp\/v2\/media?parent=356"}],"curies":[{"name":"wp","href":"https:\/\/api.w.org\/{rel}","templated":true}]}}