{"id":339,"date":"2019-02-21T09:07:34","date_gmt":"2019-02-21T08:07:34","guid":{"rendered":"http:\/\/www.sportspartner.fr\/?page_id=339"},"modified":"2019-04-04T17:54:11","modified_gmt":"2019-04-04T15:54:11","slug":"poteaux-de-tennis","status":"publish","type":"page","link":"https:\/\/www.sportspartner.fr\/index.php\/poteaux-de-tennis\/","title":{"rendered":"Poteaux de Tennis"},"content":{"rendered":"\n<ul><li>Notre paire de<strong> poteaux de Tennis fixe<\/strong> est construite en profil\u00e9s d&#8217;aluminium ronds, laqu\u00e9s et renforc\u00e9s de <strong>120 mm<\/strong>. La <strong>tension du filet<\/strong> se fait par <strong>treuil manuel<\/strong>. Ils sont fix\u00e9s au sol avec des douilles \u00e0 enfoncer (non incluses). Fabriqu\u00e9 selon la <strong>normes EN1510<\/strong>, ces poteaux sont \u00e9galement disponibles en profil\u00e9s ronds aluminium laqu\u00e9s et renforc\u00e9s de <strong>80 mm.<\/strong><\/li><li>Notre paire de <strong>poteaux de Tennis portable <\/strong>est construite en profil\u00e9s d&#8217;aluminium ronds, laqu\u00e9s et renforc\u00e9s de <strong>80 mm<\/strong>. La <strong>tension du filet<\/strong> se fait \u00e9galement par <strong>treuil manuel<\/strong>.  L&#8217;ensemble comprend : un<strong> contrepoids avec des roues<\/strong> et deux points de fixation au sol. Le tout est fabriqu\u00e9 selon la <strong>norme EN1510. <\/strong>Ces poteaux sont \u00e9galement disponibles en profil\u00e9s ronds aluminium laqu\u00e9s et renforc\u00e9s de <strong>120 mm.<\/strong> <\/li><li>Nous avons \u00e9galement les filets. N&#8217;h\u00e9sitez pas \u00e0 demander nos fiches techniques !<\/li><\/ul>\n\n\n\n<div class=\"wp-block-button is-style-squared\"><a class=\"wp-block-button__link\" href=\"http:\/\/www.sportspartner.fr\/index.php\/demande-de-devis\/\">Demande de devis<\/a><\/div>\n\n\n\n<ul class=\"wp-block-gallery columns-2 is-cropped\"><li class=\"blocks-gallery-item\"><figure><img loading=\"lazy\" width=\"626\" height=\"542\" src=\"http:\/\/www.sportspartner.fr\/wp-content\/uploads\/2019\/02\/Poteaux-portables-de-tennis-TENI0006-1.png\" alt=\"\" data-id=\"342\" data-link=\"http:\/\/www.sportspartner.fr\/?attachment_id=342\" class=\"wp-image-342\" srcset=\"https:\/\/www.sportspartner.fr\/wp-content\/uploads\/2019\/02\/Poteaux-portables-de-tennis-TENI0006-1.png 626w, https:\/\/www.sportspartner.fr\/wp-content\/uploads\/2019\/02\/Poteaux-portables-de-tennis-TENI0006-1-300x260.png 300w, https:\/\/www.sportspartner.fr\/wp-content\/uploads\/2019\/02\/Poteaux-portables-de-tennis-TENI0006-1-230x199.png 230w, https:\/\/www.sportspartner.fr\/wp-content\/uploads\/2019\/02\/Poteaux-portables-de-tennis-TENI0006-1-350x303.png 350w, https:\/\/www.sportspartner.fr\/wp-content\/uploads\/2019\/02\/Poteaux-portables-de-tennis-TENI0006-1-480x416.png 480w\" sizes=\"(max-width: 626px) 100vw, 626px\" \/><figcaption>Poteaux Tennis portable<\/figcaption><\/figure><\/li><li class=\"blocks-gallery-item\"><figure><img loading=\"lazy\" width=\"409\" height=\"540\" src=\"http:\/\/www.sportspartner.fr\/wp-content\/uploads\/2019\/02\/Poteaux-fixes-de-tennis-2-TENI0003-1.png\" alt=\"\" data-id=\"341\" data-link=\"http:\/\/www.sportspartner.fr\/?attachment_id=341\" class=\"wp-image-341\" srcset=\"https:\/\/www.sportspartner.fr\/wp-content\/uploads\/2019\/02\/Poteaux-fixes-de-tennis-2-TENI0003-1.png 409w, https:\/\/www.sportspartner.fr\/wp-content\/uploads\/2019\/02\/Poteaux-fixes-de-tennis-2-TENI0003-1-227x300.png 227w, https:\/\/www.sportspartner.fr\/wp-content\/uploads\/2019\/02\/Poteaux-fixes-de-tennis-2-TENI0003-1-230x304.png 230w, https:\/\/www.sportspartner.fr\/wp-content\/uploads\/2019\/02\/Poteaux-fixes-de-tennis-2-TENI0003-1-350x462.png 350w\" sizes=\"(max-width: 409px) 100vw, 409px\" \/><figcaption>Poteaux Tennis fixe<\/figcaption><\/figure><\/li><\/ul>\n","protected":false},"excerpt":{"rendered":"<p>Notre paire de poteaux de Tennis fixe est construite en profil\u00e9s d&#8217;aluminium ronds, laqu\u00e9s et renforc\u00e9s de 120 mm. La tension du filet se fait par treuil manuel. Ils sont fix\u00e9s au sol avec des douilles \u00e0 enfoncer (non incluses). Fabriqu\u00e9 selon la normes EN1510, ces poteaux sont \u00e9galement disponibles en profil\u00e9s ronds aluminium laqu\u00e9s [&hellip;]<\/p>\n","protected":false},"author":1,"featured_media":0,"parent":0,"menu_order":0,"comment_status":"closed","ping_status":"closed","template":"","meta":[],"_links":{"self":[{"href":"https:\/\/www.sportspartner.fr\/index.php\/wp-json\/wp\/v2\/pages\/339"}],"collection":[{"href":"https:\/\/www.sportspartner.fr\/index.php\/wp-json\/wp\/v2\/pages"}],"about":[{"href":"https:\/\/www.sportspartner.fr\/index.php\/wp-json\/wp\/v2\/types\/page"}],"author":[{"embeddable":true,"href":"https:\/\/www.sportspartner.fr\/index.php\/wp-json\/wp\/v2\/users\/1"}],"replies":[{"embeddable":true,"href":"https:\/\/www.sportspartner.fr\/index.php\/wp-json\/wp\/v2\/comments?post=339"}],"version-history":[{"count":6,"href":"https:\/\/www.sportspartner.fr\/index.php\/wp-json\/wp\/v2\/pages\/339\/revisions"}],"predecessor-version":[{"id":688,"href":"https:\/\/www.sportspartner.fr\/index.php\/wp-json\/wp\/v2\/pages\/339\/revisions\/688"}],"wp:attachment":[{"href":"https:\/\/www.sportspartner.fr\/index.php\/wp-json\/wp\/v2\/media?parent=339"}],"curies":[{"name":"wp","href":"https:\/\/api.w.org\/{rel}","templated":true}]}}