{"id":196,"date":"2019-02-20T19:09:47","date_gmt":"2019-02-20T18:09:47","guid":{"rendered":"http:\/\/www.sportspartner.fr\/?page_id=196"},"modified":"2019-04-04T17:48:48","modified_gmt":"2019-04-04T15:48:48","slug":"cage-de-football","status":"publish","type":"page","link":"https:\/\/www.sportspartner.fr\/index.php\/cage-de-football\/","title":{"rendered":"Cage de Football"},"content":{"rendered":"\n<ul><li><strong>La cage de Football \u00e0 11 <\/strong>est \u00e0 fixer au sol. Elle est \u00e9labor\u00e9e en <strong>profil\u00e9s en aluminium rond<\/strong>, laqu\u00e9s et renforc\u00e9s de <strong>120 mm<\/strong>. Le produit comprend : les supports de filets, les douilles \u00e0 enfoncer, la structure arri\u00e8re en profil\u00e9s carr\u00e9s de 45 mm et les structures de support du filet. <strong>Dimensions officielles : 7,32 x 2,44 x 2,00 m<\/strong>. Le produit est fabriqu\u00e9 selon la <strong>norme EN748<\/strong>.<\/li><\/ul>\n\n\n\n<ul><li><strong>La cage de Football \u00e0 7 portable<\/strong> est \u00e9labor\u00e9e en <strong>profil\u00e9s en aluminium rond<\/strong>, laqu\u00e9s et renforc\u00e9s de 120 mm avec une structure dorsale en profil\u00e9s carr\u00e9s <strong>de\u00a045\u00a0mm<\/strong>.  <\/li><li>Demandez nos fiches techniques !<\/li><\/ul>\n\n\n\n<div class=\"wp-block-button is-style-squared\"><a class=\"wp-block-button__link\" href=\"http:\/\/www.sportspartner.fr\/index.php\/demande-de-devis\/\">Demande de devis<\/a><\/div>\n\n\n\n<ul class=\"wp-block-gallery alignfull columns-2 is-cropped\"><li class=\"blocks-gallery-item\"><figure><img loading=\"lazy\" width=\"462\" height=\"295\" src=\"http:\/\/www.sportspartner.fr\/wp-content\/uploads\/2019\/02\/Cage-portable-de-football-a-7-FUT70002.png\" alt=\"\" data-id=\"202\" data-link=\"http:\/\/www.sportspartner.fr\/cage-portable-de-football-a-7-fut70002\/\" class=\"wp-image-202\" srcset=\"https:\/\/www.sportspartner.fr\/wp-content\/uploads\/2019\/02\/Cage-portable-de-football-a-7-FUT70002.png 462w, https:\/\/www.sportspartner.fr\/wp-content\/uploads\/2019\/02\/Cage-portable-de-football-a-7-FUT70002-300x192.png 300w, https:\/\/www.sportspartner.fr\/wp-content\/uploads\/2019\/02\/Cage-portable-de-football-a-7-FUT70002-230x147.png 230w, https:\/\/www.sportspartner.fr\/wp-content\/uploads\/2019\/02\/Cage-portable-de-football-a-7-FUT70002-350x223.png 350w\" sizes=\"(max-width: 462px) 100vw, 462px\" \/><figcaption>Cage portable foot \u00e0 7<\/figcaption><\/figure><\/li><li class=\"blocks-gallery-item\"><figure><img loading=\"lazy\" width=\"1024\" height=\"575\" src=\"http:\/\/www.sportspartner.fr\/wp-content\/uploads\/2019\/02\/maquete_baliza_270718-1024x575.jpg\" alt=\"\" data-id=\"203\" data-link=\"http:\/\/www.sportspartner.fr\/maquete_baliza_270718\/\" class=\"wp-image-203\" srcset=\"https:\/\/www.sportspartner.fr\/wp-content\/uploads\/2019\/02\/maquete_baliza_270718-1024x575.jpg 1024w, https:\/\/www.sportspartner.fr\/wp-content\/uploads\/2019\/02\/maquete_baliza_270718-300x168.jpg 300w, https:\/\/www.sportspartner.fr\/wp-content\/uploads\/2019\/02\/maquete_baliza_270718-768x431.jpg 768w, https:\/\/www.sportspartner.fr\/wp-content\/uploads\/2019\/02\/maquete_baliza_270718-830x466.jpg 830w, https:\/\/www.sportspartner.fr\/wp-content\/uploads\/2019\/02\/maquete_baliza_270718-230x129.jpg 230w, https:\/\/www.sportspartner.fr\/wp-content\/uploads\/2019\/02\/maquete_baliza_270718-350x197.jpg 350w, https:\/\/www.sportspartner.fr\/wp-content\/uploads\/2019\/02\/maquete_baliza_270718-480x270.jpg 480w\" sizes=\"(max-width: 1024px) 100vw, 1024px\" \/><figcaption>Cage fixe foot \u00e0 11<\/figcaption><\/figure><\/li><\/ul>\n","protected":false},"excerpt":{"rendered":"<p>La cage de Football \u00e0 11 est \u00e0 fixer au sol. Elle est \u00e9labor\u00e9e en profil\u00e9s en aluminium rond, laqu\u00e9s et renforc\u00e9s de 120 mm. Le produit comprend : les supports de filets, les douilles \u00e0 enfoncer, la structure arri\u00e8re en profil\u00e9s carr\u00e9s de 45 mm et les structures de support du filet. Dimensions officielles [&hellip;]<\/p>\n","protected":false},"author":1,"featured_media":0,"parent":0,"menu_order":0,"comment_status":"closed","ping_status":"closed","template":"","meta":[],"_links":{"self":[{"href":"https:\/\/www.sportspartner.fr\/index.php\/wp-json\/wp\/v2\/pages\/196"}],"collection":[{"href":"https:\/\/www.sportspartner.fr\/index.php\/wp-json\/wp\/v2\/pages"}],"about":[{"href":"https:\/\/www.sportspartner.fr\/index.php\/wp-json\/wp\/v2\/types\/page"}],"author":[{"embeddable":true,"href":"https:\/\/www.sportspartner.fr\/index.php\/wp-json\/wp\/v2\/users\/1"}],"replies":[{"embeddable":true,"href":"https:\/\/www.sportspartner.fr\/index.php\/wp-json\/wp\/v2\/comments?post=196"}],"version-history":[{"count":8,"href":"https:\/\/www.sportspartner.fr\/index.php\/wp-json\/wp\/v2\/pages\/196\/revisions"}],"predecessor-version":[{"id":684,"href":"https:\/\/www.sportspartner.fr\/index.php\/wp-json\/wp\/v2\/pages\/196\/revisions\/684"}],"wp:attachment":[{"href":"https:\/\/www.sportspartner.fr\/index.php\/wp-json\/wp\/v2\/media?parent=196"}],"curies":[{"name":"wp","href":"https:\/\/api.w.org\/{rel}","templated":true}]}}