{"id":160,"date":"2019-02-20T16:13:34","date_gmt":"2019-02-20T15:13:34","guid":{"rendered":"http:\/\/www.sportspartner.fr\/?page_id=160"},"modified":"2019-04-04T17:49:54","modified_gmt":"2019-04-04T15:49:54","slug":"cage-futsal","status":"publish","type":"page","link":"https:\/\/www.sportspartner.fr\/index.php\/cage-futsal\/","title":{"rendered":"Cage fixe de Handball \/ Futsal"},"content":{"rendered":"\n<p><strong>La cage de handball \/ futsal\u00a0<\/strong>est construite \u00e0 l&#8217;aide de profil\u00e9s laqu\u00e9s en aluminium <strong>carr\u00e9s renforc\u00e9s<\/strong> de  <br><strong>80 x 80 mm<\/strong>. L&#8217;ensemble comprend une structure arri\u00e8re amovible et des supports du filet en PVC.  <br>La cage est \u00e9galement disponible en profil\u00e9s d&#8217;aluminium ronds de <strong>80 mm ou en tubes d&#8217;acier<\/strong>. Et nous pouvons fabriquer sur demande tout am\u00e9nagement n\u00e9cessaire. <\/p>\n\n\n\n<p>La dimension officielle de la cage est de 3 m\u00e8tres de largeur par 2 m\u00e8tres de hauteur. Elle est fabriqu\u00e9e selon la <strong>norme EN749 <\/strong>afin de garantir une qualit\u00e9 optimale et de permettre de r\u00e9sistance m\u00e9canique optimale aux chocs. Demandez notre fiche technique !<\/p>\n\n\n\n<div class=\"wp-block-button is-style-squared\"><a class=\"wp-block-button__link\" href=\"http:\/\/www.sportspartner.fr\/index.php\/demande-de-devis\/\"><strong>Demande de devis<\/strong><\/a><\/div>\n\n\n\n<ul class=\"wp-block-gallery columns-2 is-cropped\"><li class=\"blocks-gallery-item\"><figure><img loading=\"lazy\" width=\"1024\" height=\"768\" src=\"http:\/\/www.sportspartner.fr\/wp-content\/uploads\/2019\/02\/Cage-fixe-Handball-Futsal-Poteaux-carr\u00e9s-ANDE0001-3-1024x768.jpg\" alt=\"\" data-id=\"161\" data-link=\"http:\/\/www.sportspartner.fr\/?attachment_id=161\" class=\"wp-image-161\" srcset=\"https:\/\/www.sportspartner.fr\/wp-content\/uploads\/2019\/02\/Cage-fixe-Handball-Futsal-Poteaux-carr\u00e9s-ANDE0001-3-1024x768.jpg 1024w, https:\/\/www.sportspartner.fr\/wp-content\/uploads\/2019\/02\/Cage-fixe-Handball-Futsal-Poteaux-carr\u00e9s-ANDE0001-3-300x225.jpg 300w, https:\/\/www.sportspartner.fr\/wp-content\/uploads\/2019\/02\/Cage-fixe-Handball-Futsal-Poteaux-carr\u00e9s-ANDE0001-3-768x576.jpg 768w, https:\/\/www.sportspartner.fr\/wp-content\/uploads\/2019\/02\/Cage-fixe-Handball-Futsal-Poteaux-carr\u00e9s-ANDE0001-3-830x623.jpg 830w, https:\/\/www.sportspartner.fr\/wp-content\/uploads\/2019\/02\/Cage-fixe-Handball-Futsal-Poteaux-carr\u00e9s-ANDE0001-3-230x173.jpg 230w, https:\/\/www.sportspartner.fr\/wp-content\/uploads\/2019\/02\/Cage-fixe-Handball-Futsal-Poteaux-carr\u00e9s-ANDE0001-3-350x263.jpg 350w, https:\/\/www.sportspartner.fr\/wp-content\/uploads\/2019\/02\/Cage-fixe-Handball-Futsal-Poteaux-carr\u00e9s-ANDE0001-3-480x360.jpg 480w, https:\/\/www.sportspartner.fr\/wp-content\/uploads\/2019\/02\/Cage-fixe-Handball-Futsal-Poteaux-carr\u00e9s-ANDE0001-3.jpg 1500w\" sizes=\"(max-width: 1024px) 100vw, 1024px\" \/><\/figure><\/li><li class=\"blocks-gallery-item\"><figure><img loading=\"lazy\" width=\"800\" height=\"800\" src=\"http:\/\/www.sportspartner.fr\/wp-content\/uploads\/2019\/02\/Cage-fixe-Handball-Futsal-Poteaux-carr\u00e9s-ANDE0001-6.jpg\" alt=\"\" data-id=\"162\" data-link=\"http:\/\/www.sportspartner.fr\/?attachment_id=162\" class=\"wp-image-162\" srcset=\"https:\/\/www.sportspartner.fr\/wp-content\/uploads\/2019\/02\/Cage-fixe-Handball-Futsal-Poteaux-carr\u00e9s-ANDE0001-6.jpg 800w, https:\/\/www.sportspartner.fr\/wp-content\/uploads\/2019\/02\/Cage-fixe-Handball-Futsal-Poteaux-carr\u00e9s-ANDE0001-6-150x150.jpg 150w, https:\/\/www.sportspartner.fr\/wp-content\/uploads\/2019\/02\/Cage-fixe-Handball-Futsal-Poteaux-carr\u00e9s-ANDE0001-6-300x300.jpg 300w, https:\/\/www.sportspartner.fr\/wp-content\/uploads\/2019\/02\/Cage-fixe-Handball-Futsal-Poteaux-carr\u00e9s-ANDE0001-6-768x768.jpg 768w, https:\/\/www.sportspartner.fr\/wp-content\/uploads\/2019\/02\/Cage-fixe-Handball-Futsal-Poteaux-carr\u00e9s-ANDE0001-6-230x230.jpg 230w, https:\/\/www.sportspartner.fr\/wp-content\/uploads\/2019\/02\/Cage-fixe-Handball-Futsal-Poteaux-carr\u00e9s-ANDE0001-6-350x350.jpg 350w, https:\/\/www.sportspartner.fr\/wp-content\/uploads\/2019\/02\/Cage-fixe-Handball-Futsal-Poteaux-carr\u00e9s-ANDE0001-6-480x480.jpg 480w\" sizes=\"(max-width: 800px) 100vw, 800px\" \/><\/figure><\/li><li class=\"blocks-gallery-item\"><figure><img loading=\"lazy\" width=\"800\" height=\"800\" src=\"http:\/\/www.sportspartner.fr\/wp-content\/uploads\/2019\/02\/Cage-fixe-Handball-Futsal-Poteaux-carr\u00e9s-ANDE0001-7-1.jpg\" alt=\"\" data-id=\"163\" data-link=\"http:\/\/www.sportspartner.fr\/?attachment_id=163\" class=\"wp-image-163\" srcset=\"https:\/\/www.sportspartner.fr\/wp-content\/uploads\/2019\/02\/Cage-fixe-Handball-Futsal-Poteaux-carr\u00e9s-ANDE0001-7-1.jpg 800w, https:\/\/www.sportspartner.fr\/wp-content\/uploads\/2019\/02\/Cage-fixe-Handball-Futsal-Poteaux-carr\u00e9s-ANDE0001-7-1-150x150.jpg 150w, https:\/\/www.sportspartner.fr\/wp-content\/uploads\/2019\/02\/Cage-fixe-Handball-Futsal-Poteaux-carr\u00e9s-ANDE0001-7-1-300x300.jpg 300w, https:\/\/www.sportspartner.fr\/wp-content\/uploads\/2019\/02\/Cage-fixe-Handball-Futsal-Poteaux-carr\u00e9s-ANDE0001-7-1-768x768.jpg 768w, https:\/\/www.sportspartner.fr\/wp-content\/uploads\/2019\/02\/Cage-fixe-Handball-Futsal-Poteaux-carr\u00e9s-ANDE0001-7-1-230x230.jpg 230w, https:\/\/www.sportspartner.fr\/wp-content\/uploads\/2019\/02\/Cage-fixe-Handball-Futsal-Poteaux-carr\u00e9s-ANDE0001-7-1-350x350.jpg 350w, https:\/\/www.sportspartner.fr\/wp-content\/uploads\/2019\/02\/Cage-fixe-Handball-Futsal-Poteaux-carr\u00e9s-ANDE0001-7-1-480x480.jpg 480w\" sizes=\"(max-width: 800px) 100vw, 800px\" \/><\/figure><\/li><\/ul>\n","protected":false},"excerpt":{"rendered":"<p>La cage de handball \/ futsal\u00a0est construite \u00e0 l&#8217;aide de profil\u00e9s laqu\u00e9s en aluminium carr\u00e9s renforc\u00e9s de 80 x 80 mm. L&#8217;ensemble comprend une structure arri\u00e8re amovible et des supports du filet en PVC. La cage est \u00e9galement disponible en profil\u00e9s d&#8217;aluminium ronds de 80 mm ou en tubes d&#8217;acier. Et nous pouvons fabriquer sur [&hellip;]<\/p>\n","protected":false},"author":1,"featured_media":0,"parent":0,"menu_order":0,"comment_status":"closed","ping_status":"closed","template":"","meta":[],"_links":{"self":[{"href":"https:\/\/www.sportspartner.fr\/index.php\/wp-json\/wp\/v2\/pages\/160"}],"collection":[{"href":"https:\/\/www.sportspartner.fr\/index.php\/wp-json\/wp\/v2\/pages"}],"about":[{"href":"https:\/\/www.sportspartner.fr\/index.php\/wp-json\/wp\/v2\/types\/page"}],"author":[{"embeddable":true,"href":"https:\/\/www.sportspartner.fr\/index.php\/wp-json\/wp\/v2\/users\/1"}],"replies":[{"embeddable":true,"href":"https:\/\/www.sportspartner.fr\/index.php\/wp-json\/wp\/v2\/comments?post=160"}],"version-history":[{"count":7,"href":"https:\/\/www.sportspartner.fr\/index.php\/wp-json\/wp\/v2\/pages\/160\/revisions"}],"predecessor-version":[{"id":685,"href":"https:\/\/www.sportspartner.fr\/index.php\/wp-json\/wp\/v2\/pages\/160\/revisions\/685"}],"wp:attachment":[{"href":"https:\/\/www.sportspartner.fr\/index.php\/wp-json\/wp\/v2\/media?parent=160"}],"curies":[{"name":"wp","href":"https:\/\/api.w.org\/{rel}","templated":true}]}}